 n?
1
Let p(g) = 3*g**2 - 1. Let y be p(1). What is the units digit of 175/20 - y/(-8)?
9
Suppose 0 = -2*t - 10 + 50. Let q be 238/8 - (-5)/t. Let g = q + -16. What is the units digit of g?
4
Let n be ((-316)/6)/((-2)/3). Suppose -4*g + 70 = 2*d, 4*d = -4*g - d + n. What is the tens digit of g?
1
Let s(i) = 5*i**3 - 10*i**2 + 5*i + 1. Let j(r) = -r**3 + r**2. Let p(f) = -4*j(f) - s(f). What is the units digit of p(4)?
1
Let r be 0 + 18/(-3 + 0). Let p(j) = -2*j**2 - 8*j - 19. Let z(h) = h**2 + 4*h + 9. Let t(x) = 4*p(x) + 9*z(x). What is the tens digit of t(r)?
1
Let p(s) = -s**2 + 15*s - 18. What is the units digit of p(12)?
8
Let n(z) = 16*z - 2. What is the units digit of n(5)?
8
Suppose 0*n + 24 = 2*n. Let v = n + -6. What is the units digit of v + 2/(-1 - -3)?
7
Let r(i) be the third derivative of i**6/120 - i**5/24 + i**4/8 - 4*i**2. Let c(q) be the second derivative of r(q). What is the units digit of c(4)?
9
Let h = -81 + 47. Let u = 80 + h. What is the units digit of u?
6
Let f = 5 - 2. Suppose 5*o - 25 = -0*u - 3*u, 0 = -4*u - f*o + 37. What is the units digit of u?
0
Suppose v + 5*h = 44, 3*v - h - 60 = 2*h. Let k = v - 14. What is the units digit of 6/(-5)*k/(-2)?
6
Let o(i) = 37*i**3 - 3*i**2 + 2. What is the units digit of o(1)?
6
Let d(h) = -h**3 - 6*h**2 + 8*h + 7. Let n be d(-7). Let g = 2 + -4. Let o = n - g. What is the units digit of o?
2
Let l(t) = 3*t**2 - 24*t + 44. Let n(w) = w**2 - 8*w + 15. Let g(y) = 6*l(y) - 17*n(y). What is the units digit of g(8)?
9
Let z(a) = -a**2 + 6*a - 1. Let x be z(6). Let g be 0 + 1 + x + -7. Let m(t) = t**2 + 6*t - 2. What is the units digit of m(g)?
5
Suppose -4*f - 8 = -20. Let u be 5/f + 6/(-9). What is the units digit of -13*1*(-1)/u?
3
Suppose -3*h + 133 = 2*t, 0*h + t - 89 = -2*h. What is the units digit of h?
5
Let b(m) be the second derivative of 3*m**3/2 + m**2 + 2*m. What is the tens digit of b(4)?
3
Suppose 4*h = -m + 120, 5*h - 4*m = 7 + 164. What is the units digit of h?
1
Let l(w) = -w + 6. Let o be l(8). Let r(d) = -d**2 - 3*d - 1. Let f be r(o). What is the units digit of f/(-2) - 33/(-6)?
5
Let u be (14/(-35))/((-2)/10). Suppose -56 = -u*j + 34. What is the tens digit of j?
4
Let v = -390 + 584. What is the tens digit of v?
9
Let b = -57 - -84. Suppose -2*s - b - 23 = 0. What is the units digit of (-1)/(-5) + (-95)/s?
4
Suppose -3*w + 2*q + 108 = 0, -4*w + 88 = -2*q - 56. What is the units digit of w?
6
Let m(i) be the second derivative of i**4/12 - i**3/6 - 5*i**2/2 + i. Let p be m(4). Suppose -4*v + p = -5. What is the units digit of v?
3
Suppose -81 = 8*a - 441. What is the tens digit of a?
4
Let y(m) = -m**3 + 18*m**2 + 25*m + 29. What is the tens digit of y(19)?
4
Let f = -15 + 44. Let h = f - 19. Suppose -h = -5*j + 10. What is the units digit of j?
4
Let z(m) = m**2 + 3*m - 4. Let d(r) = -r**3 - r - 6. Let c = -7 + 7. Let s be d(c). What is the tens digit of z(s)?
1
Suppose 2*a = 4*x + 6, 5*a = -6*x + x - 30. Let q = a + 8. Suppose 2*c + q*z = 22, -2*c + 26 = 2*z + z. What is the tens digit of c?
1
Let d(c) = c + 3. Let h be d(5). What is the tens digit of (18/h)/(42/224)?
1
Suppose 6*u = 3*u + 39. Suppose -r = -5*c + 2*c - u, -5*r - 15 = 5*c. Let d = 3 - r. What is the units digit of d?
2
Let l = -60 + 252. What is the tens digit of l?
9
Suppose 2*d + d - 28 = 2*k, 0 = -d + 2. Let w = 26 + k. Let l = w + -7. What is the units digit of l?
8
What is the units digit of (32/10)/(10/25)?
8
Let a(p) = 6*p + 35. What is the units digit of a(15)?
5
Let d be 2/8 + (-11)/(-4). Suppose 2*u + 4 = g - d, u = -g + 22. What is the units digit of g?
7
Suppose 2*n = -3*n + 30. What is the units digit of n?
6
What is the units digit of (-6)/(-21) + 295/70*8?
4
Let j(s) = -s**2 - 6*s - 3. Let k be j(-5). Suppose -k = -2*a - 2*w - 0*w, -3 = -4*a - 3*w. Suppose a*z = z - 10. What is the tens digit of z?
1
Suppose 0 = -3*g + g + 10. Suppose 0 = x + 4*w - 5, -g*x + 0*x = 3*w - 25. What is the units digit of x?
5
Let l(t) = 1 - 7*t + 2 + 0 - t**2. Let i be l(-8). Let d(c) = -c + 1. What is the units digit of d(i)?
6
Let u be ((-32)/(-24))/((-2)/6). What is the units digit of u*(-3 + 4 - 2)?
4
Let s(i) = -i - 4. Let z be s(5). What is the units digit of (-6)/27 + (-74)/z?
8
Let a = -3 - -8. Suppose -a = f - 80. Suppose -10 = 5*i - f. What is the tens digit of i?
1
Suppose -3*l + 3*m = -m - 17, 3*l - 19 = 5*m. Suppose 5*z = l*z + 4. What is the units digit of z?
2
Suppose 0 = -w + 3 + 2. Suppose -35 = -5*h + w*c, c - 11 = -5*h + 3*h. What is the units digit of h?
6
Suppose -4*r - 4 = -0. Let y = r - -8. What is the units digit of y?
7
Suppose 19 = r + 4*r - 2*u, r = u + 2. Suppose -3*g - r*z = -82, 5*g - 120 = -5*z + 10. What is the tens digit of g?
2
Suppose -3*p = q + 4, -4*q - 3*p + 2 = -0*p. Let k = 17 + -16. Let c = q + k. What is the units digit of c?
3
Let d = 5 - 6. Let v = d - -7. What is the units digit of v?
6
Let j(w) = 153*w - 3. What is the units digit of j(1)?
0
Let j(g) = -g**3 - g**2 + 10*g - 14. What is the units digit of j(-7)?
0
What is the units digit of (-1 + 2)/(895/445 - 2)?
9
Let x(q) = -q**3 - 2*q**2 + 2*q + 1. Let j be x(-5). Suppose -2*c + 1 = -4*t - 17, 0 = -4*c + 2*t + j. What is the tens digit of c?
1
What is the units digit of 1/(5/(-15))*-7?
1
Suppose -m - 5*w - 6 + 33 = 0, -w - 3 = -4*m. Suppose m*c + 8 = -4*s, 2*c - 3*s + 17 = 2*s. Let n(j) = j + 14. What is the units digit of n(c)?
8
Suppose -n = 4*q - 5*n - 40, -q - n = -2. Suppose 0 = o - 3*m + 2*m - 12, 3*o = -2*m + 31. Let r = o - q. What is the units digit of r?
5
Let b be 156/9 + 3/(-9). Suppose 5*p = a + 4*p - b, -4*a + 5*p = -71. What is the units digit of a?
4
Let y = 8 - 4. Suppose -8 - 20 = -y*f. What is the units digit of f?
7
What is the units digit of (5 - (-8)/2) + 0?
9
Let v be 2/1 + 3 + -3. Let f be 0/(-2 - (-4 - 1)). Suppose 0 = -s + v - f. What is the units digit of s?
2
Suppose 5*m = 16 + 94. Let a = -6 + m. Suppose -a = -0*r - 2*r. What is the units digit of r?
8
Let w(o) = o**2 + 4*o - 28. Let u be w(-8). Let r be (-1 - -3)/(2/23). Suppose -u*s = -r - 61. What is the units digit of s?
1
Let m(v) = v**3 - 5*v**2 - 6*v + 3. Let t be m(6). Suppose -t*i + 0 = -6. What is the tens digit of 3*(i - 7)/(-1)?
1
Let h(b) = -111*b**3. What is the hundreds digit of h(-1)?
1
What is the tens digit of 25 + (0 - 0) + 2?
2
What is the units digit of (-2 - -75) + (0 - -2)?
5
Suppose -2*v + 5*x + 39 = 0, -2*v + 3*x + 21 = -16. What is the tens digit of v?
1
Let t be (15/10)/((-1)/38). What is the tens digit of (-2 - -4)/((-6)/t)?
1
Let s = -5 + 4. Let t = -4 - s. Let w = t + 12. What is the units digit of w?
9
Let i be 1 + (-1*2)/(-1). Suppose v + 4*g = -15, -i*v - 7 = 2*g - 2. What is the units digit of 5/(1 - (-1 + v))?
5
Let g(r) = r**3 - r**2 + r + 3. Let s be g(0). Let j(u) = 3*u - 1. What is the units digit of j(s)?
8
Let c(g) = -g**2 - g + 9. What is the units digit of c(0)?
9
Suppose -4*f = -3*l + 267, 2*l = -2*f + 170 - 6. What is the units digit of l?
5
Let x(v) = -v + 9. Let z be x(5). Let i(p) = p**2 - 1 + z*p + 2*p**2 - p**2. What is the tens digit of i(-4)?
1
Suppose 2*t = -0*t - 30. Let u = t - -28. What is the tens digit of u?
1
Let t be 3/12 + (-214)/(-8). Suppose -3*h - t = 9. What is the units digit of 2 + h/((-9)/3)?
6
Let r = 4 + -2. Suppose 3 = 3*g + r*f + 4, 10 = -5*f. What is the units digit of -1 - -2 - g*-2?
3
Suppose -6 = -4*q + 10. Suppose 0 = v - q + 3. What is the units digit of v?
1
Let j = 175 - 99. Let n = 115 - j. Suppose -b - p + 2 = 0, 4*b = 5*p + n + 14. What is the units digit of b?
7
Let x(b) = 3*b**2 + 2*b + 3. Let m(o) = -o + 11. Let w be m(12). Let z = -3 - w. What is the units digit of x(z)?
1
Let o(c) = 34*c + 10. What is the hundreds digit of o(3)?
1
Suppose 3*s = 6*s - 3. What is the units digit of -8*s*(-30)/24?
0
Let s(h) = 7*h**3 + h**2 - h - 2. Let w be s(2). Suppose 0 = -5*a + w + 24. What is the units digit of a?
6
Let l(j) = -j**2 + 6*j + 3. Suppose 2*h = 2*y - 2*h - 16, 2 = 3*y + 5*h. What is the tens digit of l(y)?
1
Let m be (-1 + -30)/(6 + -5). Let o = m - -43. What is the units digit of o?
2
Let g = 95 - 64. What is the tens digit of g?
3
Let k = 262 - 157. Let s = k + -70. What is the tens digit of s?
3
Let b(r) = -r. Let y be b(-4). Let 